0590 a multiple of 5?
True
Is 237795 a multiple of 60?
False
Is 96 a factor of 55104?
True
Is 9 a factor of 3994045?
False
Is 979121 a multiple of 13?
True
Is 1267 a factor of 1164800?
False
Is 7632 a multiple of 53?
True
Does 9 divide 137907?
True
Is 13 a factor of 8847?
False
Is 12 a factor of 39398?
False
Is 3954624 a multiple of 192?
True
Does 28 divide 190044?
False
Is 338389 a multiple of 163?
False
Does 53 divide 93922?
False
Is 5 a factor of 602013?
False
Is 11190267 a multiple of 183?
True
Is 169212 a multiple of 49?
False
Is 21225 a multiple of 15?
True
Is 42 a factor of 17547?
False
Does 326 divide 398372?
True
Is 3816090 a multiple of 778?
True
Is 22586 a multiple of 2?
True
Is 45561 a multiple of 3?
True
Is 250530 a multiple of 35?
True
Is 156591 a multiple of 22?
False
Is 955520 a multiple of 640?
True
Is 8619944 a multiple of 8?
True
Is 42398785 a multiple of 14?
False
Is 345264 a multiple of 593?
False
Is 450 a factor of 344670?
False
Is 7 a factor of 8440?
False
Does 695 divide 6118085?
True
Is 51927 a multiple of 50?
False
Does 6 divide 98466?
True
Is 2 a factor of 52702?
True
Does 12 divide 1351884?
True
Is 36 a factor of 2297498?
False
Is 1499795 a multiple of 737?
True
Is 235 a multiple of 2?
False
Is 3145352 a multiple of 28?
True
Is 5675865 a multiple of 169?
True
Is 7006974 a multiple of 13?
True
Does 538 divide 666044?
True
Is 7740656 a multiple of 154?
True
Is 584047 a multiple of 310?
False
Does 865 divide 1805354?
False
Is 420 a factor of 212940?
True
Is 4 a factor of 48661?
False
Is 384386 a multiple of 33?
False
Is 21 a factor of 215061?
True
Does 9 divide 428503?
False
Does 741 divide 1636340?
False
Does 21 divide 4267312?
False
Is 9541392 a multiple of 267?
False
Is 5 a factor of 373735?
True
Is 83 a factor of 9154319?
True
Does 9 divide 378864?
True
Does 8 divide 707784?
True
Is 19 a factor of 2139610?
False
Is 1208937 a multiple of 237?
True
Is 183 a factor of 1096719?
True
Does 830 divide 5361800?
True
Is 1540404 a multiple of 204?
True
Is 86386 a multiple of 5?
False
Is 4 a factor of 98357?
False
Is 224 a factor of 516992?
True
Does 99 divide 81208?
False
Is 33 a factor of 560835?
True
Does 369 divide 321392?
False
Is 46 a factor of 2733187?
False
Is 162 a factor of 617016?
False
Is 3 a factor of 25573?
False
Is 356 a factor of 652548?
True
Is 84 a factor of 2545872?
True
Is 219 a factor of 548814?
True
Is 91 a factor of 117117?
True
Is 209 a factor of 651673?
False
Is 137150 a multiple of 26?
True
Is 16 a factor of 3195335?
False
Is 2845355 a multiple of 15?
False
Does 13 divide 564772?
True
Does 225 divide 65273?
False
Is 320 a factor of 874906?
False
Does 146 divide 243090?
True
Is 102 a factor of 549678?
True
Does 166 divide 66898?
True
Is 133988 a multiple of 23?
False
Is 10 a factor of 271800?
True
Is 212146 a multiple of 31?
False
Is 25 a factor of 34205?
False
Is 2 a factor of 508165?
False
Is 25 a factor of 1366560?
False
Is 2720286 a multiple of 9?
True
Is 508 a factor of 334434?
False
Is 10062433 a multiple of 87?
False
Does 6 divide 45882?
True
Does 75 divide 20076987?
False
Does 111 divide 456803?
False
Is 4 a factor of 5711?
False
Is 57039 a multiple of 167?
False
Is 3834970 a multiple of 265?
False
Is 113 a factor of 3758223?
False
Does 32 divide 208032?
True
Is 426462 a multiple of 6?
True
Does 224 divide 208587?
False
Is 6 a factor of 7399018?
False
Is 1235 a factor of 4537390?
True
Is 4251 a multiple of 3?
True
Does 19 divide 177536?
True
Is 36274 a multiple of 17?
False
Is 327 a factor of 3399304?
False
Is 8652480 a multiple of 192?
True
Is 27 a factor of 3053484?
True
Is 105 a factor of 1078443?
False
Does 147 divide 11917?
False
Is 1293862 a multiple of 160?
False
Does 294 divide 50865?
False
Is 31 a factor of 6201581?
True
Is 554124 a multiple of 61?
True
Is 27332 a multiple of 9?
False
Does 14 divide 13280?
False
Does 21 divide 619381?
False
Does 57 divide 14345?
False
Is 402 a factor of 276576?
True
Is 177 a factor of 238017?
False
Is 416 a factor of 312000?
True
Is 116379 a multiple of 603?
True
Does 21 divide 4641189?
True
Does 175 divide 9914046?
False
Does 114 divide 327978?
True
Is 517346 a multiple of 5?
False
Does 334 divide 507346?
True
Is 693460 a multiple of 65?
False
Is 686 a factor of 9448964?
True
Is 33 a factor of 18991967?
False
Does 6 divide 342965?
False
Is 228 a factor of 10128612?
False
Is 991351 a multiple of 22?
False
Is 600263 a multiple of 23?
False
Does 4 divide 1257225?
False
Does 74 divide 846042?
True
Is 11 a factor of 122289?
False
Is 347 a factor of 138800?
True
Is 5889000 a multiple of 780?
True
Is 12 a factor of 3408?
True
Does 7 divide 64435?
True
Is 1702639 a multiple of 59?
False
Is 997186 a multiple of 486?
False
Does 143 divide 3319745?
True
Is 8677494 a multiple of 7?
True
Is 46 a factor of 61180?
True
Is 982167 a multiple of 84?
False
Does 346 divide 1681160?
False
Does 42 divide 46392?
False
Is 16 a factor of 5311648?
True
Is 150 a factor of 2953?
False
Is 24990 a multiple of 11?
False
Is 11557261 a multiple of 1832?
False
Is 3 a factor of 721286?
False
Is 6008016 a multiple of 42?
True
Is 15503809 a multiple of 284?
False
Is 1916936 a multiple of 14?
True
Does 13 divide 91647?
False
Does 20 divide 1023700?
True
Is 727726 a multiple of 75?
False
Does 212 divide 91584?
True
Is 13 a factor of 108030?
True
Does 4 divide 473260?
True
Does 4 divide 607?
False
Does 3459 divide 16184661?
True
Is 1905 a factor of 6371306?
False
Does 22 divide 171371?
False
Does 521 divide 1200905?
True
Does 6 divide 882688?
False
Is 132 a factor of 43484232?
True
Is 289014 a multiple of 33?
True
Is 34755 a multiple of 5?
True
Is 468384 a multiple of 24?
True
Is 10447518 a multiple of 780?
False
Does 988 divide 7042464?
True
Is 23 a factor of 2312636?
False
Does 80 divide 351376?
False
Does 6 divide 1186818?
True
Is 252 a factor of 172116?
True
Is 67859 a multiple of 31?
True
Does 7 divide 928857?
False
Is 9 a factor of 5530068?
True
Is 294 a factor of 6594420?
True
Is 6073103 a multiple of 544?
False
Is 590 a factor of 309645?
False
Is 14 a factor of 107183?
False
Does 5 divide 1397225?
True
Is 5726935 a multiple of 119?
False
Does 117 divide 93717?
True
Is 272 a factor of 329392?
True
Does 88 divide 984284?
False
Is 3704392 a multiple of 26?
False
Does 68 divide 7405540?
True
Is 175 a factor of 919138?
False
Is 45 a factor of 7173615?
False
Does 31 divide 103876?
False
Does 141 divide 239841?
True
Is 9 a factor of 17289?
True
Does 15 divide 64208?
False
Does 3 divide 11211?
True
Is 7 a factor of 52736?
False
Is 1187394 a multiple of 507?
True
Does 16 divide 12618362?
False
Is 11945110 a multiple of 10?
True
Is 91563 a multiple of 2?
False
Does 4 divide 329904?
True
Is 82 a factor of 24928?
True
Is 33 a factor of 98472?
True
Does 11 divide 4963277?
True
Is 2 a factor of 780210?
True
Is 585445 a multiple of 301?
True
Is 632311 a multiple of 139?
True
Is 2948269 a multiple of 41?
True
Is 23 a factor of 513981?
True
Is 88455 a multiple of 16?
False
Is 3496500 a multiple of 9?
True
Is 46 a factor of 5656988?
True
Is 968730 a multiple of 35?
True
Does 6 divide 459468?
True
Does 5 divide 66650?
True
Is 191964 a multiple of 59?
False
Is 6 a factor of 13797?
False
Is 879863 even?
False
Is 405 a factor of 583794?
False
Is 1652722 a multiple of 107?
True
Is 5176080 a multiple of 91?
True
Is 15 a factor of 583856?
False
Does 974 divide 1911962?
True
Does 3 divide 5259?
True
Is 821515 a multiple of 27?
False
Is 34972 a multiple of 4?
True
Is 5083578 a multiple of 51?
True
Is 13 a factor of 293226?
False
Is 2496085 a multiple of 236?
False
Is 84 a factor of 4937268?
True
Does 5 divide 380716?
False
Is 864 a factor of 2726784?
True
Is 33614 a multiple of 2?
True
Is 15 a factor of 18690?
True
Is 225 a factor of 995752?
False
Does 21 divide 429184?
False
Is 12866 a multiple of 14?
True
Is 2912134 a multiple of 17?
True
Is 8 a factor of 641784?
True
Does 8 divide 130839?
False
Is 788 a factor of 7303184?
True
Is 583 a factor of 1543784?
True
Is 837433 a multiple of 138?
False
Does 623 divide 6027525?
True
Is 346289 a multiple of 29?
True
Is 84 a factor of 5199088?
False
Is 334 a factor of 2122296?
False
Does 529 divide 1144679?
False
Is 25 a factor of 4644059?
False
Is 521391 a mult